ors of m.
5, 7
List the prime factors of (263 + 0)/((-92)/(-92)).
263
Let z(u) = 44*u - 5. Let h be z(7). Let c = -98 + h. Suppose -2*o = -o - 4*a - 29, -5*o + c = -5*a. List the prime factors of o.
3, 5
Let s be 12/(-16) - (-1494)/8. Let i = s - 106. What are the prime factors of i?
2, 5
Let w be 1 - -1 - 2/(-2). Let x(l) = w*l**2 + 3 + 0*l**2 - 4 - 2*l. List the prime factors of x(-2).
3, 5
Let u(w) = -w**3 - 5*w**2 - 6*w - 1. Let j be u(-4). Let c be j + -4 - (1 - 1). Suppose -c*a = -0*a - 12. List the prime factors of a.
2
Suppose -18 = -5*d + f, 5*f + 2 = -3*d - 4. Suppose 0 = -d*c - w + 181, 4*c - c = -3*w + 183. Suppose -4*a + a = -c. List the prime factors of a.
2, 5
Suppose -2*l + 74 = -26. Suppose l = 4*h - 294. What are the prime factors of h?
2, 43
Let a(q) = 3*q**2 + 2*q - 4. Suppose 2*o - 12 = -2*o. Suppose 0 = -o*g - 5 + 11. What are the prime factors of a(g)?
2, 3
Suppose -z - k + 1956 = 0, 10*z - 5*z - 3*k - 9788 = 0. What are the prime factors of z?
19, 103
Let q(o) be the first derivative of -o**4/2 - 2*o**3/3 - 2*o**2 - 3*o - 5. What are the prime factors of q(-4)?
109
Suppose -3*j = -20 - 79. Suppose 4*g = 5*u + j, 0*g + 3*g + 4*u = -14. Suppose -h + 15 + 18 = 4*l, 5*h + g*l - 93 = 0. What are the prime factors of h?
17
Suppose -179 = -3*z - 5*b, z + z + 3*b - 119 = 0. Suppose 7*u = 6*u - 37. Let m = u + z. List the prime factors of m.
3, 7
List the prime factors of (14628/(-144) + (-6)/8)*-6.
2, 307
List the prime factors of (1/4)/((-45)/(-798480)).
2, 1109
Let j(a) = -a**2 - 9*a + 52. Let i be j(-13). Suppose 9*d - 210 - 1122 = i. List the prime factors of d.
2, 37
Suppose -609 - 1799 = -8*b. List the prime factors of b.
7, 43
Let w(m) = -m**2 - 5*m - 1. Let h be w(-3). Let u(c) = 3 + 3*c - h + 5*c**2 + c**3 + 23. List the prime factors of u(-5).
2, 3
Let p = -858 - -1632. Let i = -551 + p. List the prime factors of i.
223
Let t(n) = -24*n**3 + 8*n**2 + 15*n + 15. List the prime factors of t(-4).
1619
Let w(g) = g**2 - 3. Let b be w(-9). Suppose -4*m + 119 + 21 = -4*o, b = -2*o - 2*m. Let h = o + 112. What are the prime factors of h?
3, 5
Suppose -13 = -4*r + 27. Suppose -6 = 4*z + r. Let k = z - -11. What are the prime factors of k?
7
Suppose 0*b = 5*b - 125. Let k = 13 + b. List the prime factors of k.
2, 19
Suppose -5*l + 38 + 13 = 4*t, -3*t - 2*l = -33. List the prime factors of (t/6)/(2/76).
3, 19
Let u(k) = -2*k**2 - 2 - 6*k + 4*k**2 - k**2 - 2. Let q be u(-4). Let s = -25 + q. What are the prime factors of s?
11
Let j = 1031 - 684. What are the prime factors of j?
347
Suppose -6*o + 8*o - 5122 = -2*v, -2*v + o = -5125. List the prime factors of v.
2, 3, 7, 61
Let v(z) = 4 - 10 + 3*z + 3*z**2 + 0. List the prime factors of v(4).
2, 3
Let r(b) = 5*b**2 + 22*b + 22. List the prime factors of r(-11).
5, 7, 11
Let j = 45 + -26. Suppose 21*m = j*m + 66. What are the prime factors of m?
3, 11
Let b(u) = 4*u**2 + 3*u - 47. What are the prime factors of b(-9)?
2, 5
Let y be 6/(1 - (-1)/2). Suppose -3*u = -y*h + 35, 4*h + 2*u - 4 = 6. Suppose -h*o + 3*o + 2*j + 68 = 0, j = -3*o + 102. What are the prime factors of o?
2, 17
Let j(v) be the second derivative of v**4/12 + 4*v**3/3 - 2*v**2 + 2*v. Let c be 54/(-5) - 4/20. What are the prime factors of j(c)?
29
Let y be ((-9)/(-6))/(6/(-160)). Let g = y - -59. What are the prime factors of g?
19
Let k = 6 - 3. Suppose -3*t = -6*t + 42. Suppose 3*v - v - 4*w = t, -56 = -5*v + k*w. List the prime factors of v.
13
Suppose -4*k - 154 = -d, -3*k + 528 - 6 = 3*d. Suppose -y = n - 5*y - 12, 2*y - d = -5*n. Suppose 3*f - n = f. What are the prime factors of f?
2
Suppose -4*k + 4*o - 8 = 0, -17 = k + 4*o - 0*o. Let j = k - -7. What are the prime factors of 57 + (3 + -2 - j)?
2, 7
Let s be 2 - -1 - -1*(273 + -3). Suppose b + l = 57, -5*l - s = -4*b - 0*b. List the prime factors of b.
2, 31
Suppose 5 = -s, 5*g + 18*s - 1440 = 15*s. What are the prime factors of g?
3, 97
Suppose -9*a + 14 = -11*a. Let q = 120 - a. What are the prime factors of q?
127
Suppose 112*f = 114*f - 2410. What are the prime factors of f?
5, 241
Let a(w) = -w**2 - 19*w - 77. Let d be a(-10). Suppose -d*v - 509 = -2*y - 16*v, -5*y + 1268 = 3*v. List the prime factors of y.
11, 23
Let u(t) = -31*t - 1. Let q be u(-1). Let j = 79 - q. Let s = 96 - j. What are the prime factors of s?
47
Let o(y) = -y**2 + 7*y**2 - 3*y - y**2 - 9 + 7 - y**3. Let h be o(4). Let i(k) = 13*k**2 - 1. What are the prime factors of i(h)?
3, 17
Let q = 1812 + 117. What are the prime factors of q?
3, 643
Let f(a) = -3*a + 18. Let d(o) = 5*o - 26. Let j(v) = 5*d(v) + 7*f(v). Let w = 8 + -4. What are the prime factors of j(w)?
2, 3
Let r(w) = w**3 - 2*w**2 - 3*w. Let n be r(3). Let i(v) = -14*v + 239. Let m be i(16). List the prime factors of 44/12*m + n.
5, 11
Suppose 35 - 100 = -5*l. Let f = l + -8. Suppose -4*a - 2 = 5*n - 12, f*a - 2 = -n. What are the prime factors of n?
2
Let o be (-3 - 0)/9*6. Let u = 36 + o. List the prime factors of u.
2, 17
Suppose 276 = 2*x - 2*r, 59 = x + 3*r - 87. Let n = x - 64. What are the prime factors of n?
2, 19
Suppose c = -2*q + 903, 3*c + 4*q - 895 = 2*c. List the prime factors of c.
911
Let q = 893 + 32. What are the prime factors of q?
5, 37
Suppose t = 2*n - 143, -5*t - 4 = 1. What are the prime factors of n?
71
Let u = 7 + -16. Let b(l) be the third derivative of -l**4/12 - 4*l**3/3 - l**2. What are the prime factors of b(u)?
2, 5
List the prime factors of ((-4137)/(-35))/(2/10).
3, 197
Let u(k) = 7*k**2 - 23. Suppose 34 = 5*j + 59. List the prime factors of u(j).
2, 19
Suppose -3*z + 272 = -4*g, 5*z - 368 = z + 4*g. Let a = -58 + z. List the prime factors of a.
2, 19
Suppose -4*c + 1008 = 2*y - 1136, -4*c + 3216 = 3*y. What are the prime factors of y?
2, 67
Let u(a) be the third derivative of a**5/6 + a**4/12 - a**3/2 - 8*a**2. List the prime factors of u(1).
3
Let p = 23 - 19. Suppose p*w = 3*v + 172, 172 = 3*w + w + 4*v. List the prime factors of w.
43
Let j(a) = a**2 + 16. Let k be j(6). Let b = 61 - k. List the prime factors of b.
3
Let g = -22 - -19. Let p be -4 - (g + 2)*9. Suppose 2*w - 2*s - 108 = -16, 0 = -p*w - 3*s + 206. List the prime factors of w.
43
Suppose -46*f - 81*f = -155575. What are the prime factors of f?
5, 7
Let a = -12 + -2. Let y = 41 - a. List the prime factors of y.
5, 11
List the prime factors of 2/2 + 328 + 17.
2, 173
Let q = -74 + 130. Let t be 16/q - 824/(-7). Let h = t + -74. List the prime factors of h.
2, 11
Let h(s) be the third derivative of s**5/60 - s**4/12 - 4*s**2. Let b be h(3). Suppose 0*g + 40 = 3*g - 4*k, -b*g = -2*k - 50. List the prime factors of g.
2, 5
Let r(p) = -p**2 - 7*p + 10. Let j be r(-8). Suppose -w = 5*n - 2*w - 70, 0 = j*w. Suppose -n*g = -16*g + 106. What are the prime factors of g?
53
Suppose -7*t + 4*t + 2652 = 0. Suppose 9*i = 5*i + t. What are the prime factors of i?
13, 17
Let d(z) = z - 1. Let x be d(-7). Let o be (21/4)/(x/(-32)). Let w = 3 + o. List the prime factors of w.
2, 3
Suppose -5*z - 255 = -o + 1, z = -3*o + 768. What are the prime factors of o?
2
Suppose 12 = -3*x + 7*x. Suppose 0 = -a - 4, x*a - 3 = -3*u + 3. Let l = u + -1. What are the prime factors of l?
5
Suppose 5*y - 6*c + 7*c - 10321 = 0, -y = -5*c - 2059. List the prime factors of y.
2, 3, 43
Suppose 2*h - 951 = -x, -6*x + h = -11*x + 4800. What are the prime factors of x?
31
Let y(u) be the second derivative of -u**4/4 - 2*u**3/3 + 9*u**2/2 - 11*u. Let s(r) be the first derivative of y(r). What are the prime factors of s(-5)?
2, 13
Let n(p) = -11*p - 50. Let w be n(-21). What are the prime factors of (-2 + 0)*-1 + w?
3, 61
Suppose 4*p + 0 = -3*t - 1, 45 = 5*t - 5*p. Let c(j) = 40*j. What are the prime factors of c(t)?
2, 5
Let o(i) = 92*i**3 - 5*i**2 + 4*i + 5. What are the prime factors of o(2)?
3
Let k = -10 - -14. Suppose -k*q - i + 52 + 408 = 0, 3*q + i - 344 = 0. List the prime factors of q.
2, 29
Suppose -11*y + 9*y + 504 = 0. Suppose -24*p + 27*p = y. What are the prime factors of p?
2, 3, 7
Suppose -368 = -4*m - n, -4*n + 0 = 16. Let s = m - 18. What are the prime factors of s?
3, 5
Let p(h) = 4*h**3 - 4*h**2 + 17*h + 24. What are the prime factors of p(7)?
1319
Let j be ((-5)/(-3))/((-5)/(-15)). Suppose -j*i + 5 = 85. List the prime factors of (i + 6)*2/(